ed by 6?
5
What is the remainder when 111 is divided by 46?
19
Calculate the remainder when 570 is divided by 13.
11
What is the remainder when 133 is divided by 46?
41
What is the remainder when 164 is divided by 45?
29
What is the remainder when 825 is divided by 118?
117
Calculate the remainder when 35054 is divided by 16.
14
Calculate the remainder when 43 is divided by 29.
14
Calculate the remainder when 1068 is divided by 21.
18
Calculate the remainder when 66 is divided by 8.
2
Calculate the remainder when 1648 is divided by 420.
388
What is the remainder when 725 is divided by 22?
21
Calculate the remainder when 240 is divided by 103.
34
Calculate the remainder when 94 is divided by 12.
10
Calculate the remainder when 110 is divided by 51.
8
Calculate the remainder when 774 is divided by 263.
248
What is the remainder when 714 is divided by 98?
28
Calculate the remainder when 1663 is divided by 104.
103
Calculate the remainder when 840 is divided by 620.
220
What is the remainder when 73 is divided by 10?
3
Calculate the remainder when 65 is divided by 26.
13
Calculate the remainder when 1397 is divided by 25.
22
Calculate the remainder when 104 is divided by 12.
8
Calculate the remainder when 90 is divided by 46.
44
What is the remainder when 726 is divided by 113?
48
What is the remainder when 839 is divided by 5?
4
What is the remainder when 515 is divided by 73?
4
Calculate the remainder when 1006 is divided by 42.
40
What is the remainder when 309 is divided by 78?
75
What is the remainder when 6362 is divided by 148?
146
What is the remainder when 11499 is divided by 7?
5
What is the remainder when 45 is divided by 5?
0
Calculate the remainder when 67 is divided by 34.
33
What is the remainder when 20018 is divided by 154?
152
What is the remainder when 643 is divided by 34?
31
Calculate the remainder when 242 is divided by 41.
37
What is the remainder when 211 is divided by 48?
19
Calculate the remainder when 1175 is divided by 44.
31
What is the remainder when 141 is divided by 10?
1
What is the remainder when 199 is divided by 17?
12
What is the remainder when 3102 is divided by 69?
66
What is the remainder when 345 is divided by 87?
84
Calculate the remainder when 1060 is divided by 75.
10
Calculate the remainder when 425 is divided by 227.
198
Calculate the remainder when 313 is divided by 19.
9
What is the remainder when 6538 is divided by 1631?
14
What is the remainder when 6398 is divided by 256?
254
What is the remainder when 833 is divided by 6?
5
Calculate the remainder when 98 is divided by 55.
43
What is the remainder when 397 is divided by 32?
13
Calculate the remainder when 124 is divided by 7.
5
Calculate the remainder when 31 is divided by 13.
5
Calculate the remainder when 130 is divided by 15.
10
What is the remainder when 375 is divided by 21?
18
Calculate the remainder when 763 is divided by 124.
19
What is the remainder when 275 is divided by 3?
2
Calculate the remainder when 360 is divided by 91.
87
What is the remainder when 668 is divided by 238?
192
Calculate the remainder when 4545 is divided by 10.
5
Calculate the remainder when 77 is divided by 74.
3
What is the remainder when 27 is divided by 17?
10
Calculate the remainder when 1084 is divided by 272.
268
Calculate the remainder when 139 is divided by 26.
9
What is the remainder when 1264 is divided by 214?
194
Calculate the remainder when 2222 is divided by 149.
136
Calculate the remainder when 140 is divided by 24.
20
Calculate the remainder when 15988 is divided by 59.
58
Calculate the remainder when 10 is divided by 7.
3
Calculate the remainder when 476 is divided by 236.
4
What is the remainder when 86 is divided by 34?
18
What is the remainder when 615 is divided by 197?
24
What is the remainder when 9359 is divided by 234?
233
Calculate the remainder when 206 is divided by 9.
8
What is the remainder when 134 is divided by 28?
22
Calculate the remainder when 603 is divided by 597.
6
Calculate the remainder when 9321 is divided by 59.
58
Calculate the remainder when 457 is divided by 166.
125
Calculate the remainder when 2352 is divided by 107.
105
Calculate the remainder when 48 is divided by 17.
14
What is the remainder when 216 is divided by 36?
0
What is the remainder when 202 is divided by 24?
10
What is the remainder when 604 is divided by 21?
16
Calculate the remainder when 207 is divided by 76.
55
Calculate the remainder when 1641 is divided by 88.
57
What is the remainder when 708 is divided by 77?
15
What is the remainder when 519 is divided by 58?
55
What is the remainder when 841 is divided by 11?
5
What is the remainder when 703 is divided by 207?
82
Calculate the remainder when 137 is divided by 34.
1
What is the remainder when 211 is divided by 6?
1
Calculate the remainder when 4930 is divided by 2462.
6
Calculate the remainder when 203 is divided by 65.
8
What is the remainder when 352 is divided by 107?
31
What is the remainder when 317 is divided by 194?
123
Calculate the remainder when 524 is divided by 25.
24
Calculate the remainder when 498 is divided by 104.
82
What is the remainder when 940 is divided by 19?
9
What is the remainder when 283 is divided by 15?
13
What is the remainder when 29 is divided by 2?
1
What is the remainder when 39 is divided by 26?
13
What is the remainder when 940 is divided by 21?
16
What is the remainder when 1728 is divided by 62?
54
What is the remainder when 1406 is divided by 41?
12
Calculate the remainder when 917 is divided by 96.
53
What is the remainder when 71 is divided by 9?
8
Calculate the remainder when 67 is divided by 11.
1
What is the remainder when 2636 is divided by 22?
18
Calculate the remainder when 1578 is divided by 521.
15
Calculate the remainder when 177 is divided by 46.
39
What is the remainder when 39 is divided by 20?
19
What is the remainder when 105 is divided by 53?
52
What is the remainder when 306 is divided by 286?
20
What is the remainder when 62 is divided by 32?
30
Calculate the remainder when 612 is divided by 27.
18
What is the remainder when 1153 is divided by 21?
19
What is the remainder when 393 is divided by 183?
27
Calculate the remainder when 440 is divided by 34.
32
Calculate the remainder when 121 is divided by 26.
17
Calculate the remainder when 174 is divided by 16.
14
Calculate the remainder when 56 is divided by 34.
22
Calculate the remainder when 10540 is divided by 42.
40
What is the remainder when 155 is divided by 6?
5
Calculate the remainder when 2751 is divided by 79.
65
Calculate the remainder when 73 is divided by 19.
16
What is the remainder when 5936 is divided by 99?
95
What is the remainder when 76 is divided by 21?
13
Calculate the remainder when 142 is divided by 16.
14
Calculate the remainder when 660 is divided by 198.
66
What is the remainder when 112 is divided by 15?
7
Calculate the remainder when 273 is divided by 46.
43
Calculate the remainder when 67 is divided by 36.
31
Calculate the remainder when 1817 is divided by 20.
17
What is the remainder when 6208 is divided by 24?
16
Calculate the remainder when 1900 is divided by 136.
132
Calculate the remainder when 32 is divided by 18.
14
What is the remainder when 494 is divided by 120?
14
What is the remainder when 76 is divided by 17?
8
What is the remainder when 262 is divided by 53?
50
What is the remainder when 1004 is divided by 333?
5
What is the remainder when 56076 is divided by 31?
28
What is the remainder when 1090 is divided by 136?
2
What is the remainder when 388 is divided by 171?
46
What is the remainder when 1239 is divided by 73?
71
Calculate the remainder when 2512 is divided by 74.
70
Calculate the remainder when 41962 is divided by 29.
28
What is the remainder when 1598 is divided by 6?
2
What is the remainder when 138 is divided by 35?
33
Calculate the remainder when 391 is divided by 44.
39
Calculate the remainder when 4233 is divided by 223.
219
What is the remainder when 2935 is divided by 13?
10
What is the remainder when 755 is divided by 42?
41
What is the remainder when 342 is divided by 17?
2
Calculate the remainder when 1101 is divided by 17.
13
What is the remainder when 76 is divided by 56?
20
Calculate the remainder when 289 is divided by